?
-23
Let l(u) = 6*u - 55. Calculate l(8).
-7
Let n(w) = w**3 - 5*w**2 - 22*w - 11. Determine n(8).
5
Let h(w) = w**3 - 7*w**2 + 8*w - 9. Calculate h(5).
-19
Let f(w) = -w**3 - 7*w**2 - 6*w + 2. Calculate f(-6).
2
Let x(n) = n**2 - 10*n - 21. Give x(12).
3
Let y(j) = -3*j**2 - 3*j - 4. What is y(-1)?
-4
Let x(v) = -v**3 - 5*v**2 + 4*v + 3. What is x(-6)?
15
Let c(t) = -12*t**2 + 2*t. Determine c(2).
-44
Let j(k) = -k**2 + 17*k - 26. Calculate j(20).
-86
Let d(j) = -7*j + 92. Give d(14).
-6
Let g(i) = -6*i + 19. Give g(4).
-5
Let v(p) = p**2 - 19*p + 49. What is v(3)?
1
Let r(n) = n**3 - 9*n**2 - 21*n + 11. Calculate r(11).
22
Let m(g) = 2*g**2 + g - 72. Determine m(0).
-72
Let q(w) = w**3 - 15*w**2 - 17*w - 25. What is q(16)?
-41
Let g(n) = -n**3 + 16*n**2 + 16*n + 14. Give g(17).
-3
Let g(z) = -4*z + 11. Determine g(5).
-9
Let o(d) = -d**3 + 7*d**2 + 6*d + 11. Calculate o(8).
-5
Let n(y) = y**2 + 3*y + 10. What is n(-4)?
14
Let m(c) = 2*c**2 - 34*c + 32. Give m(16).
0
Let u(q) = -q**3 + 4*q**2 + 5*q + 7. Calculate u(6).
-35
Let p(n) = -2*n - 9. What is p(-10)?
11
Let g(b) = -b**3 + 12*b**2 - b + 9. Determine g(12).
-3
Let a(p) = 5*p - 8. Give a(6).
22
Let o(v) = v**3 + 10*v**2 - 4*v - 32. Calculate o(-10).
8
Let g(m) = 2*m**3 + 7*m**2 - 7. What is g(-3)?
2
Let a(i) = i**2 + 15*i + 14. What is a(-6)?
-40
Let g(m) = -5*m + 167. Calculate g(31).
12
Let x(b) = -2*b**2 - b + 2. What is x(0)?
2
Let d(j) = -2*j**2 + j + 60. Calculate d(-5).
5
Let t(y) = -7*y - 28. Calculate t(-5).
7
Let n(l) = -3*l - 24. Calculate n(-7).
-3
Let c(q) = q + 2. Determine c(9).
11
Let i(t) = t**3 - 40*t**2 + t - 36. Calculate i(40).
4
Let x(j) = -j**3 - 18*j**2 - 16*j + 15. Determine x(-17).
-2
Let x(v) = -v**3 + 10*v**2 - 13*v + 10. What is x(9)?
-26
Let m(f) = -f**3 - 20*f**2 + f + 25. What is m(-20)?
5
Let l(n) = -n + 2. Determine l(8).
-6
Let z(w) = -w**3 + 3*w**2 - 30*w + 133. Give z(4).
-3
Let o(k) = 5*k + 3. Calculate o(1).
8
Let p(k) = 6*k - 47. Give p(6).
-11
Let q(w) = w**3 - 8*w**2 + 7*w + 5. What is q(7)?
5
Let w(r) = 4*r + 2. Calculate w(-2).
-6
Let j(u) = -3*u**3 + 21*u**2 + u - 17. Give j(7).
-10
Let c(q) = q**2 - 14*q + 16. Give c(11).
-17
Let r(t) = 64*t**3 + t**2 + 2*t + 1. Calculate r(-1).
-64
Let x(g) = -g**3 - 5*g**2 + 5*g. Determine x(-6).
6
Let w(t) = t**3 + 20*t**2 - 45*t - 5. Calculate w(-22).
17
Let f(l) = l**3 - 8*l**2 + l + 9. What is f(5)?
-61
Let x(q) = -q**3 - 19*q**2 + 42*q + 7. Determine x(-21).
7
Let z(q) = 4*q**2 - 3*q - 3. Give z(-1).
4
Let q(z) = -z**2 + 5*z + 24. Give q(9).
-12
Let d(t) = 4*t - 1. Calculate d(0).
-1
Let s(y) = -y**3 + 5*y**2 + 3*y + 7. Determine s(6).
-11
Let l(d) = -6*d - 22. What is l(-17)?
80
Let v(q) = q - 2. Calculate v(8).
6
Let n(f) = -f**3 + 11*f**2 + 2*f - 11. Calculate n(11).
11
Let b(j) = -j**2 - 36*j - 272. Give b(-10).
-12
Let m(g) = g**3 + 8*g**2 + g + 1. Give m(-8).
-7
Let r(y) = y**2 - 98*y + 279. Give r(3).
-6
Let a(y) = -y**2 - 23*y - 20. Determine a(-22).
2
Let j(z) = z**3 - 10*z**2 - 41*z + 32. Calculate j(13).
6
Let u(q) = 2*q - 4. Determine u(4).
4
Let w(x) = x + 12. Calculate w(16).
28
Let s(f) = f**3 - 7*f**2 - 15*f - 12. Determine s(9).
15
Let u(v) = -2*v - 4. What is u(-3)?
2
Let i(q) = -q**3 - 6*q**2 + 25*q + 67. What is i(-8)?
-5
Let s(b) = 97*b**2 + 3*b - 2. Give s(1).
98
Let u(m) = m**3 - 22*m**2 + 23*m - 41. What is u(21)?
1
Let w(k) = -64*k + 578. Calculate w(9).
2
Let m(r) = r**3 - 62*r**2 - 125*r - 189. Calculate m(64).
3
Let q(z) = 23*z**2 + z. Determine q(-1).
22
Let u(r) = -r**3 + 4*r**2 - 5*r - 3. What is u(7)?
-185
Let q(c) = -3*c - 41. Give q(-19).
16
Let f(m) = -m**2 - 9*m - 23. What is f(-3)?
-5
Let t(i) = 10*i**2 + 43*i - 2. Determine t(-4).
-14
Let f(x) = 29*x + 133. Give f(-6).
-41
Let l(z) = 2*z**3 + 3*z**2 - 15*z - 10. Determine l(-3).
8
Let t(r) = 2*r**3 - 10*r**2 - 8*r - 12. Determine t(6).
12
Let x(a) = a**3 - a**2 + 3*a + 1. Calculate x(4).
61
Let s(u) = -4*u - 15. Determine s(-15).
45
Let j(w) = w**2 - 8*w - 4. Determine j(13).
61
Let b(n) = 6*n**3 + 7*n**2 - 7*n + 1. What is b(1)?
7
Let z(j) = -j**3 + j**2 + 2*j - 1. Determine z(5).
-91
Let k(d) = -d**2 + 5*d + 9. Determine k(4).
13
Let n(x) = -x**2 - x - 2. Determine n(-2).
-4
Let r(a) = a - 1. Determine r(-3).
-4
Let i(v) = -v**2 - 6*v - 5. Give i(-6).
-5
Let c(u) = u**3 - 7*u**2 + 4*u - 4. What is c(5)?
-34
Let k(d) = -3*d - 47. Give k(-15).
-2
Let x(y) = -y + 8. Calculate x(14).
-6
Let m(f) = -f**3 - 19*f**2 - 37*f - 47. Calculate m(-17).
4
Let r(t) = t**3 - 22*t**2 - 73*t - 32. Give r(25).
18
Let h(u) = 3*u - 17. Calculate h(4).
-5
Let p(f) = -6*f + 5. Calculate p(-6).
41
Let t(h) = -14*h - 14. Give t(8).
-126
Let w(u) = u + 20. Calculate w(0).
20
Let g(c) = -c**2 + 5*c + 6. Determine g(11).
-60
Let g(d) = -d - 32. Determine g(0).
-32
Let i(c) = -3*c**2 + 4*c + 4. Calculate i(-2).
-16
Let b(o) = 4*o - 2. Give b(6).
22
Let a(i) = -3*i**2 + 12*i + 1. Calculate a(5).
-14
Let n(t) = 2*t - 8. Calculate n(0).
-8
Let m(c) = 2*c**2 + 2*c - 2. Calculate m(0).
-2
Let b(x) = x**3 - 28*x - 54. Give b(-4).
-6
Let t(r) = 4*r - 5. Give t(4).
11
Let b(r) = 2*r**3 + 2*r**2 - 5*r - 8. Give b(-2).
-6
Let s(c) = c**3 + c**2 - 9*c + 19. Determine s(0).
19
Let o(c) = 4*c**2 + 7*c + 7. Determine o(-5).
72
Let s(o) = 3*o + 6. Calculate s(-7).
-15
Let b(q) = -4*q - 30. What is b(-10)?
10
Let p(z) = 9*z - 6. Give p(7).
57
Let m(t) = 2*t**2 + 37*t + 113. Determine m(-14).
-13
Let b(r) = -3*r + 6. What is b(4)?
-6
Let m(s) = -s**3 + 9*s**2 - 11*s - 10. Give m(6).
32
Let d(k) = -k**2 + 21*k - 29. Calculate d(20).
-9
Let p(m) = -m**3 - 15*m**2 - 14*m - 7. What is p(-14)?
-7
Let k(h) = -3*h**2 + h + 1. Give k(1).
-1
Let i(k) = 2*k**2 + 3*k - 8. Determine i(0).
-8
Let s(b) = b**2 - 14*b + 18. Give s(10).
-22
Let o(p) = -2*p**3 + 8*p - 4. Give o(4).
-100
Let z(m) = m**2 - 6*m - 3. What is z(5)?
-8
Let b(n) = 123*n - 733. Calculate b(6).
5
Let h(w) = 2*w**3 - 26*w**2 + 10*w - 4. What is h(13)?
126
Let w(g) = -g**2 - 3. Determine w(1).
-4
Let o(g) = -2*g**3 + 2*g**2 - 5*g + 3. What is o(2)?
-15
Let i(q) = -q**2 + 22*q - 115. Give i(8).
-3
Let x(f) = 9*f + 103. Determine x(-11).
4
Let r(a) = a**3 + 7*a**2 + 7*a - 1. What is r(-5)?
14
Let s(v) = v**3 + 4*v**2 + 3*v - 4. What is s(-2)?
-2
Let r(z) = 9*z + 87. What is r(-10)?
-3
Let i(j) = j**3 - 12*j**2 - 26*j - 23. What is i(14)?
5
Let n(c) = -4*c**2 + 31*c - 11. Give n(8).
-19
Let q(o) = o**3 - 4*o**2 - 8*o + 20. Calculate q(5).
5
Let a(k) = -k**2 + 4*k - 1. Give a(5).
-6
Let v(u) = 3*u - 16. Give v(-12).
-52
Let u(c) = -c - 3. Calculate u(-5).
2
Let t(n) = n**2 - 3*n - 34. What is t(11)?
54
Let b(t) = 12*t - 4. What is b(1)?
8
Let t(b) = -2*b**2 - 12*b + 8. Calculate t(-7).
-6
Let o(t) = 2*t + 23. Determine o(-11).
1
Let r(l) = 2*l**2 - 17*l + 7. Determine r(8).
-1
Let d(h) = -14*h - 4. Calculate d(-2).
24
Let t(n) = -3*n - 12. Give t(-8).
12
Let q(j) = j**3 + 7*j**2 + 6*j + 7. Give q(-6).
7
Let g(l) = l**2 - 7. Determine g(-3).
2
Let j(b) = 2*b**2 + 6*b - 151. What is j(7)?
-11
Let o(c) = -c**2 - 7*c - 6. Give o(-4).
6
Let i(t) = 19*t - 54. Determine i(3).
3
Let y(s) = -8*s - 4. Calculate y(-2).
12
Let a(z) = -2*z**2 - 13*z + 92. Give a(5).
-23
Let z(v) = 2*v + 1. What is z(2)?
5
Let f(k) = -k + 3. Calculate f(-1).
4
Let a(g) = 11*g**2 + 10*g - 18. Give a(3).
111
Let b(g) = 11*g + 2. Calculate b(2).
24
Let q(y) = 51*y**2. Determine q(-1).
51
Let k(q) = 2*q - 75. Calculate k(30).
-15
Let u(n) = -58*n - 573. Determine u(-10).
7
Let j(b) = b**3 + 4*b**2 + b + 2. Determine j(-4).
-2
Let r(g) = -6*g - 4. Give r(0).
-4
Let f(g) = g + 4. Give f(-3).
1
Let q(m) = 3*m**2 - 5*m - 8. Calculate q(-4).
60
Let d(q) = q**2 + 14*q - 2. What is d(-8)?
-50
Let g(t) = -47*t**2 + 2*t - 1. Determine g(1).
-46
Let a(b) = -4*b - 11. Give a(-5).
9
Let s(r) = r**2 - 2. What is s(-3)?
7
Let s(c) = 2*c - 8. Give s(5).
2
Let k(p) = -p - 3. What is k(-3)?
0
Let i(h) = -h**3 + 21*h**2 + 3*h - 55. Calculate i(21).
8
Let a(n) = -n**3 - 9*n**2 + 9*n - 1. Determine a(-10).
9
Let k(p) = -p**3 - 2*p**2 + 2*p - 5. Give k(-4).
19
Let n(o) = o**2 + 12*o - 7. Give n(5).
78
Let f(k) = k**2 - 8*k + 28. Give f(7).
21
Let x(z) = z**3 + 34*z**2 - 33*z + 37. Give x(-35).
-33
Let d(j) = 6*j + 13. What is d(-9)?
-41
Let u(i) = -i**2 +